*f + 10. Let n be b(g). Determine s(n).
-7
Let q(y) = -3*y**3 - 10*y**2 + y + 11. Let r(f) = 13*f**3 + 40*f**2 - 4*f - 45. Let p(c) = 9*q(c) + 2*r(c). Let l be p(-10). Let v(x) = 6*x. Determine v(l).
-6
Let v(c) be the third derivative of 1/120*c**6 + 0 + 1/10*c**5 + 1/4*c**4 - 1/6*c**3 + 0*c - 4*c**2. Calculate v(-5).
-6
Let l(b) = -4*b**3 + 2*b**2 + b. Suppose 0*f + 1 = f - p, f - 3 = 2*p. Calculate l(f).
5
Suppose -2*a - 16 = 2*b - 2, 2*b - 7 = 5*a. Let g = b - -9. Let u(n) = -2*n + 5. Let t be u(g). Let w(m) = -2*m - 7. Calculate w(t).
3
Let u(i) = -i + 2. Let k(v) = -v + 3. Let q(t) = -6*k(t) + 5*u(t). Determine q(5).
-3
Let l(m) = 4 - m**3 - 2 - 11 + 0*m**3 - 8*m**2. What is l(-8)?
-9
Let v(x) = -x + 1. Let a(l) = 7*l - 13. Let n(w) = a(w) + 6*v(w). Suppose 5*g = -4*t - 20, 0*t = 3*g + t + 5. Determine n(g).
-7
Let n(c) = c - 9. Let g(l) = -l + 8. Let v(j) = -2*g(j) - 3*n(j). Calculate v(8).
3
Let c(i) = -i**2 + 6*i - 1. Suppose 0 = 7*h - 3*h - 24. Give c(h).
-1
Suppose 3*h - 28 + 7 = 0. Suppose x + f = -2*f - h, x + 13 = -5*f. Let y(g) = -2*g**2 + 3*g - 3. What is y(x)?
-5
Let v(q) = -5*q + q - 4*q + 7*q. What is v(-3)?
3
Let h(j) = -2*j**2 + 2*j + 3. Let d(y) = y**2 - y - 2. Let v(k) = -11*d(k) - 6*h(k). Determine v(3).
10
Suppose -1 + 9 = 4*d. Let n(i) = 3 + 2*i**d - 2*i - 9 + 5. Calculate n(2).
3
Suppose 2*j + 2 = 6. Let a(b) = -3*b**3 + 3*b**3 - 4*b**j + 0*b + 3*b - b**3. Determine a(-5).
10
Suppose z + b + 16 = -3*b, 0 = -2*z - 4*b - 16. Suppose z = 4*m - 4*x - 16, 0 = 3*m + 2*x - 8 - 9. Let h(w) = w**2 - 3*w - 7. Determine h(m).
3
Suppose 0 = b - 4*x + 12, 0*x - 5*x = 3*b - 32. Let p(r) be the third derivative of -r**6/120 + r**5/15 + r**4/8 - 5*r**3/6 - 2*r**2. Determine p(b).
7
Suppose 2*i - 16 = -2*i. Let y(n) = 10*n + 16. Let d(z) = z + 1. Let j(c) = 12*d(c) - y(c). Determine j(i).
4
Let n(k) = 3*k - 4. Let c be n(1). Let h(m) = 3*m - 1. What is h(c)?
-4
Let a(h) = h**3 - h**2 + h - 3. Suppose -2*l = -8 + 8. Give a(l).
-3
Let y(v) = 3*v**3 + 6*v**2 - 6*v + 5. Let j(x) = 4*x**3 + 7*x**2 - 7*x + 6. Let g(t) = -5*j(t) + 6*y(t). Suppose d = 5*q - 1, -5*q = -0*d + d - 9. What is g(q)?
-2
Let n(m) = 0*m - 8 + m + 10 - m**2 + 8. Calculate n(0).
10
Let h(q) be the third derivative of -1/120*q**6 - 1/2*q**3 + q**2 + 0 - 1/10*q**5 + 0*q - 1/6*q**4. What is h(-5)?
-8
Suppose s = 4*z + 7, -z + 4*s + 17 = -0*z. Let p(w) = -w**2 - 2. What is p(z)?
-11
Let y(r) = -r**2 - 2*r. Let m(j) = -3*j. Let l = 9 + -8. Suppose -2*p + l = -1. Let u be m(p). Determine y(u).
-3
Let f(n) be the first derivative of 1/4*n**4 - 2 + 5*n + 7/2*n**2 + 2*n**3. Give f(-5).
-5
Let s = -20 - -19. Let x(h) = 7*h - 1. Give x(s).
-8
Let i(f) be the second derivative of -f**5/20 + f**4/4 + 2*f**3/3 + 2*f**2 - 8*f. Give i(5).
-26
Suppose 4*p + 4*j + 8 = 5*p, 4*j = -p - 16. Let m(y) = -y - 7. Determine m(p).
-3
Let w(q) be the third derivative of 5*q**4/24 + 10*q**3/3 + 2*q**2. Let f be (-2 - -3) + 0 + -7. Let b(j) = -2*j - 7. Let c(r) = f*w(r) - 17*b(r). Give c(-1).
-5
Let g(x) be the third derivative of -x**5/60 - x**4/6 - 7*x**2. What is g(-3)?
3
Let k(s) = -3 + 0*s + 7 - 3 + 2*s. Let z be (0 + 1)*1/1. Give k(z).
3
Let f(k) be the first derivative of -k**3/3 + 2*k**2 + 5*k + 8. What is f(4)?
5
Suppose 4*i = -12, 3*i + 9 = 3*j + i. Let s(u) = 0*u + 0*u - 2*u + j + u. Let z(d) = -d**2 + 4*d - 3. Let l be z(4). Determine s(l).
4
Let k(n) = n - 2. Let t be k(5). Let g(a) = 2*a**3 + a**2 + 5*a. Let l(d) = 3*d**3 + 2*d**2 + 10*d - 1. Let o(w) = 5*g(w) - 3*l(w). What is o(t)?
6
Let z(a) = a**3. Let t(v) = 5*v**3 + 6*v**2 - 6*v. Let c(f) = -t(f) + 6*z(f). Let h(r) = r**3 - 5*r**2 + r - 1. Let j be h(5). What is c(j)?
-8
Suppose 4*g - 9 = 3. Let x(s) = 4*s**g + s + 0*s**3 + 0*s**3 - 2*s**3. What is x(1)?
3
Let u(p) = -p + 7. Let j(v) = -2*v**2 - 3*v + 3. Let t be j(2). Let l = t + 15. Let y be u(l). Let s(g) = -g + 3. What is s(y)?
0
Let w be (-2)/10 + 6/5. Let y(k) = -13*k + 1. Calculate y(w).
-12
Let p(q) = 8 + q**3 - 7 - 5 - 10*q - 9*q**2 + 0. Calculate p(10).
-4
Let j = 132 - 129. Let k(b) = -b**3 + 5*b**2 - 5*b + 3. Determine k(j).
6
Let y = -9 - -13. Let z(h) be the first derivative of -h**3 + 1/4*h**4 + 5*h - 1 - 5/2*h**2. Determine z(y).
1
Let u(q) be the second derivative of q**4/24 + 5*q**3/6 - q**2/2 + q. Let s(y) be the first derivative of u(y). Calculate s(0).
5
Let v = 1 - -1. Let o be 9/v + 4/8. Let c(l) = -2*l + 10. Let r(w) = -4*w + 19. Let d(k) = 7*c(k) - 4*r(k). What is d(o)?
4
Let h(n) = n**2 + 2*n - 1. Let t(f) be the second derivative of f**4/12 + f. Let u(o) = 3*o**2 + o. Let l be u(1). Let z(g) = l*t(g) + h(g). Determine z(1).
6
Suppose 2*q = -8, 4*m + 2*q - 2 = 2. Let z(k) = 0*k + m*k + 0*k - 2*k. Determine z(-6).
-6
Suppose 5*n + g + 3 = -2, -20 = 3*n + 4*g. Let r be (n - -3)*(-32)/(-24). Let o(y) = 5*y**2 - y**2 + y - y**3 - 7 + 2. What is o(r)?
-1
Let c(s) = 2*s**2 - 5*s + 2. Suppose -5*r + 43 + 19 = -4*j, 0 = -4*r + 3*j + 49. Let z = r - 6. Let x = z - 1. Give c(x).
5
Let z(i) = 6*i**2 + 11*i + 10. Let r(a) = 5*a**2 + 10*a + 9. Let b(c) = 5*r(c) - 4*z(c). Determine b(-5).
0
Let x(s) = 2*s**2 + 2*s**2 - 5*s**2 - s. What is x(-3)?
-6
Let x(k) = -k - 6. Let o(q) = -2*q**2 + q - 4*q + 0 - 3 - q. Let m be o(-2). Let t be (-2 + m/(-1))*-3. Determine x(t).
-3
Let f(u) = -23*u**2 + 44*u**2 - 20*u**2 + 10*u**3. Calculate f(-1).
-9
Let s(r) = -r**3 + 3*r**2 + r + 2. Let y be s(3). Let z(d) = d**2 - 7*d + 4. Give z(y).
-6
Let h be 58/20 + 6/60. Let a(c) be the second derivative of 5/12*c**4 + c - 1/20*c**5 + 0 + 4/3*c**3 - h*c**2. Give a(6).
6
Let x = -8 - -13. Let g(j) = j**2 - x*j + 4*j**3 + j + 5*j - 1. Suppose -4*h = 5*a - 5, -3*a + 3*h = 1 - 4. What is g(a)?
5
Let p = -3 + 21. Let o be 96/p + 1/(-3). Let u(d) = d**2 - 3*d - 6. Determine u(o).
4
Suppose 5*c - v - 16 = 0, 3*c + 7*v = 4*v + 6. Let j(o) = 15*o**2 + 7*o - 19. Let h(y) = -7*y**2 - 3*y + 9. Let w(q) = -13*h(q) - 6*j(q). Calculate w(c).
-3
Let p(j) = 7*j + 5. Let n(q) = 5*q - 6. Let o(r) = -14*r + 17. Let g(x) = 17*n(x) + 6*o(x). Let a(y) = 6*g(y) - p(y). Calculate a(0).
-5
Let v(s) = s**3 - 4*s**2 + 4*s - 1. Let p(n) = n**3 - 3*n**2 + 3*n. Let d = 13 - 10. Let w(g) = d*p(g) - 4*v(g). What is w(6)?
-2
Let j(v) = -10*v**3 + 4*v**2 - 4*v - 5. Let h(f) = -20*f**3 + 9*f**2 - 9*f - 11. Let d(u) = 4*h(u) - 9*j(u). Give d(1).
11
Suppose -k - 1 + 3 = 0. Suppose 0 = v + 2*z + 2, 0 = -k*z + 1 + 1. Let h(j) be the first derivative of -j**4/4 - j**3 + 3*j**2/2 - 1. Determine h(v).
4
Let z(a) be the third derivative of -a**6/60 - a**5/20 - a**4/24 + 30*a**2. What is z(-2)?
6
Let u(t) be the third derivative of -t**5/60 + t**4/12 - t**3/6 - 24*t**2. Determine u(2).
-1
Let u = -7 + 10. Let q(t) = 5*t + u - 4 + 2. Calculate q(1).
6
Suppose -4*m - 1 = -57. Let i = -1 - 3. Let f be i/m - 10/14. Let x(r) = -8*r. Determine x(f).
8
Suppose -2*b = -a - 10, 2*b = 5*a + 33 - 7. Let m(h) = -7*h + 3. What is m(b)?
-18
Let p(w) be the third derivative of -w**7/5040 - w**5/60 + 5*w**2. Let m(n) be the third derivative of p(n). What is m(2)?
-2
Let s(w) = -w**3 + 5*w**2 + w + 4. Suppose 4*d - 8*d + 20 = 0. Determine s(d).
9
Let y(w) = 5*w + 1 - 2*w**2 - 2*w + w. Suppose q - 3 = -0. What is y(q)?
-5
Let x(n) = n**3 - 5*n**2 + n - 7. Let h be x(5). Let y(d) be the first derivative of d**3 + 3*d**2/2 + d + 12. Give y(h).
7
Let k(w) = -w - 5. Let d be k(-6). Let b(x) = -2*x + 5 + x - 6. Let z(l) = -2*l - 7. Let j(p) = d*z(p) - 6*b(p). Determine j(-1).
-5
Let y(n) be the first derivative of -n**2/2 - 12*n - 3. Let v = -1 - 4. Give y(v).
-7
Let n(k) = k**3 + k - 1. Suppose 13 - 68 = -5*p. Suppose 5 = y + 4*y, 4*x + y = -p. Let c(m) = 4*m**3 + m**2 + 4*m - 8. Let h(t) = x*n(t) + c(t). Give h(0).
-5
Let k(n) = n**2 + 4*n - 8. Let p(a) = -2*a**2 - 7*a + 15. Let t(v) = -7*k(v) - 4*p(v). What is t(4)?
12
Let z(y) = y**3 + 6*y**2 + y - 3. Suppose 3*d = -13 - 5. Calculate z(d).
-9
Let g(k) = -k - 3. Suppose 3*u + 10*u - 65 = 0. Give g(u).
-8
Let q(z) = -3*z**2 + 4*z - 1. Let g(k) = 7*k**2 - 8*k + 2. Let y(l) = -l. Let i be y(-9). Let c(d) = i*q(d) + 4*g(d). Determine c(-5).
4
Let o(r) be the second derivative of -r**5/20 + r**4/2 + r**3/6 + 3*r**2 + 7*r. Determine o(6).
12
Let m(k) = -k - 3*k - k**2 - 12 + 14*k. Let b be m(8). Let j